t of 3494?
4
What is the tens digit of 3903?
0
What is the tens digit of 22760?
6
What is the tens digit of 2432?
3
What is the hundreds digit of 1911?
9
What is the units digit of 60489?
9
What is the units digit of 33?
3
What is the units digit of 10239?
9
What is the hundreds digit of 5537?
5
What is the tens digit of 1017?
1
What is the units digit of 15414?
4
What is the hundreds digit of 21631?
6
What is the units digit of 834?
4
What is the hundreds digit of 3032?
0
What is the ten thousands digit of 17120?
1
What is the thousands digit of 2567?
2
What is the tens digit of 4248?
4
What is the units digit of 8428?
8
What is the ten thousands digit of 11863?
1
What is the units digit of 1182?
2
What is the tens digit of 3004?
0
What is the thousands digit of 9751?
9
What is the thousands digit of 80499?
0
What is the units digit of 2903?
3
What is the tens digit of 1331?
3
What is the hundreds digit of 7820?
8
What is the tens digit of 1120?
2
What is the ten thousands digit of 44452?
4
What is the tens digit of 974?
7
What is the thousands digit of 1073?
1
What is the units digit of 3377?
7
What is the units digit of 19014?
4
What is the hundreds digit of 18775?
7
What is the tens digit of 2472?
7
What is the tens digit of 88463?
6
What is the hundreds digit of 7338?
3
What is the tens digit of 50644?
4
What is the units digit of 315?
5
What is the tens digit of 539?
3
What is the ten thousands digit of 96784?
9
What is the hundreds digit of 555?
5
What is the units digit of 4795?
5
What is the hundreds digit of 93263?
2
What is the units digit of 34908?
8
What is the thousands digit of 139167?
9
What is the thousands digit of 94939?
4
What is the hundreds digit of 27405?
4
What is the tens digit of 1049?
4
What is the tens digit of 5041?
4
What is the tens digit of 29774?
7
What is the ten thousands digit of 11616?
1
What is the units digit of 2099?
9
What is the ten thousands digit of 99274?
9
What is the hundreds digit of 2910?
9
What is the hundreds digit of 964?
9
What is the ten thousands digit of 76136?
7
What is the units digit of 4824?
4
What is the units digit of 163?
3
What is the thousands digit of 8480?
8
What is the units digit of 915?
5
What is the units digit of 88957?
7
What is the units digit of 11962?
2
What is the units digit of 134004?
4
What is the thousands digit of 9131?
9
What is the ten thousands digit of 14278?
1
What is the tens digit of 2804?
0
What is the tens digit of 17771?
7
What is the ten thousands digit of 38434?
3
What is the hundreds digit of 1394?
3
What is the hundreds digit of 1399?
3
What is the hundreds digit of 5043?
0
What is the thousands digit of 48311?
8
What is the tens digit of 671?
7
What is the units digit of 57576?
6
What is the hundred thousands digit of 140851?
1
What is the units digit of 2996?
6
What is the tens digit of 63249?
4
What is the hundreds digit of 1458?
4
What is the thousands digit of 3102?
3
What is the units digit of 1163?
3
What is the units digit of 1321?
1
What is the thousands digit of 1014?
1
What is the units digit of 8036?
6
What is the units digit of 128342?
2
What is the tens digit of 14990?
9
What is the tens digit of 80074?
7
What is the tens digit of 9503?
0
What is the tens digit of 80?
8
What is the hundreds digit of 7536?
5
What is the hundreds digit of 3992?
9
What is the thousands digit of 157814?
7
What is the units digit of 20467?
7
What is the tens digit of 868?
6
What is the units digit of 592?
2
What is the thousands digit of 1195?
1
What is the units digit of 734?
4
What is the ten thousands digit of 10529?
1
What is the thousands digit of 1772?
1
What is the hundred thousands digit of 114731?
1
What is the hundreds digit of 501?
5
What is the tens digit of 1996?
9
What is the hundreds digit of 77019?
0
What is the units digit of 1389?
9
What is the units digit of 7136?
6
What is the ten thousands digit of 118241?
1
What is the thousands digit of 2295?
2
What is the hundreds digit of 35045?
0
What is the units digit of 564?
4
What is the thousands digit of 70995?
0
What is the tens digit of 41155?
5
What is the tens digit of 22636?
3
What is the thousands digit of 5933?
5
What is the hundreds digit of 174?
1
What is the hundreds digit of 711?
7
What is the ten thousands digit of 18953?
1
What is the hundred thousands digit of 139166?
1
What is the hundreds digit of 17050?
0
What is the tens digit of 7391?
9
What is the units digit of 14868?
8
What is the units digit of 8909?
9
What is the tens digit of 1731?
3
What is the thousands digit of 56961?
6
What is the hundreds digit of 33140?
1
What is the thousands digit of 28873?
8
What is the ten thousands digit of 124487?
2
What is the hundreds digit of 4552?
5
What is the tens digit of 6572?
7
What is the thousands digit of 4053?
4
What is the thousands digit of 5106?
5
What is the tens digit of 603?
0
What is the tens digit of 1992?
9
What is the hundred thousands digit of 128121?
1
What is the units digit of 9649?
9
What is the hundreds digit of 369?
3
What is the ten thousands digit of 47701?
4
What is the hundreds digit of 11030?
0
What is the units digit of 706?
6
What is the units digit of 57249?
9
What is the units digit of 27531?
1
What is the hundreds digit of 1722?
7
What is the units digit of 1546?
6
What is the tens digit of 10864?
6
What is the hundreds digit of 5030?
0
What is the units digit of 36754?
4
What is the units digit of 4461?
1
What is the hundreds digit of 142?
1
What is the units digit of 5620?
0
What is the thousands digit of 3770?
3
What is the tens digit of 15967?
6
What is the units digit of 148945?
5
What is the ten thousands digit of 11831?
1
What is the units digit of 10680?
0
What is the tens digit of 2561?
6
What is the tens digit of 16210?
1
What is the thousands digit of 1275?
1
What is the hundreds digit of 3673?
6
What is the ten thousands digit of 97614?
9
What is the hundreds digit of 19352?
3
What is the hundreds digit of 1518?
5
What is the tens digit of 75800?
0
What is the units digit of 588?
8
What is the units digit of 13966?
6
What is the ten thousands digit of 23031?
2
What is the tens digit of 16819?
1
What is the hundreds digit of 371?
3
What is the units digit of 992?
2
What is the units digit of 6435?
5
What is the ten thousands digit of 16933?
1
What is the thousands digit of 3330?
3
What is the hundred thousands digit of 106732?
1
What is the hundreds digit of 1147?
1
What is the tens digit of 17642?
4
What is the thousands digit of 5756?
5
What is the tens digit of 32934?
3
What is the units digit of 40348?
8
What is the thousands digit of 13794?
3
What is the units digit of 20702?
2
What is the units digit of 680?
0
What is the tens digit of 8356?
5
What is the tens digit of 278?
7
What is the tens digit of 8510?
1
What is the thousands digit of 78577?
8
What is the units digit of 15070?
0
What is the hundreds digit of 1692?
6
What is the tens digit of 4244?
4
What is the hundreds digit of 76633?
6
What is the thousands digit of 9856?
9
What is the hundreds digit of 38142?
1
What is the tens digit of 1123?
2
What is the ten thousands digit of 28122?
2
What is the units digit of 27406?
6
What is the hundreds digit of 79536?
5
What is the hundreds digit of 15413?
4
What is the tens digit of 37567?
6
What is the units digit of 934?
4
What is the units digit of 280?
0
What is the tens digit of 79188?
8
What is the tens digit of 274?
7
What is the units digit of 10072?
2
What is the tens digit of 8556?
5
What is the units digit of 856?
6
What is the units digit of 14301?
1
What is the tens digit of 3016?
1
What is the hundreds digit of 4057?
0
What is the hundreds digit of 70004?
0
What is the units digit of 9745?
5
What is the units digit of 21680?
0
What is the hundreds digit of 1604?
6
What is the ten thousands digit of 14092?
1
What is the tens digit of 59786?
8
What is the ten thousands digit of 17404?
1
What is the ten thousands digit of 81684?
8
What is the tens digit of 4716?
1
What is the thousands digit of 9883?
9
What is the tens digit of 743?
4
What is the thousands digit of 141291?
1
What is the tens digit of 435?
3
What is the units digit of 3110?
0
What is the hundreds digit of 2895?
8
What is the hundreds digit of 7679?
6
W